ivided by 89.
88
Calculate the remainder when 11364 is divided by 11342.
22
Calculate the remainder when 1461 is divided by 317.
193
Calculate the remainder when 2138067 is divided by 242.
239
What is the remainder when 2893 is divided by 89?
45
Calculate the remainder when 2687 is divided by 813.
248
Calculate the remainder when 11746 is divided by 152.
42
Calculate the remainder when 6194 is divided by 621.
605
Calculate the remainder when 94613 is divided by 371.
8
What is the remainder when 1208048 is divided by 13?
10
What is the remainder when 80479 is divided by 5027?
47
What is the remainder when 2305 is divided by 194?
171
What is the remainder when 2526 is divided by 33?
18
Calculate the remainder when 5763 is divided by 183.
90
Calculate the remainder when 121496 is divided by 769.
763
Calculate the remainder when 22198 is divided by 122.
116
Calculate the remainder when 16405 is divided by 205.
5
What is the remainder when 25569 is divided by 12771?
27
What is the remainder when 1078 is divided by 174?
34
What is the remainder when 73994 is divided by 319?
305
What is the remainder when 57190 is divided by 123?
118
Calculate the remainder when 274019 is divided by 7.
4
Calculate the remainder when 4405 is divided by 860.
105
Calculate the remainder when 159161 is divided by 344.
233
What is the remainder when 2898 is divided by 418?
390
Calculate the remainder when 3726478 is divided by 48.
46
Calculate the remainder when 310533 is divided by 908.
905
Calculate the remainder when 1253 is divided by 161.
126
What is the remainder when 505 is divided by 409?
96
What is the remainder when 77571 is divided by 55?
21
Calculate the remainder when 2123 is divided by 782.
559
Calculate the remainder when 54061 is divided by 51.
1
Calculate the remainder when 9282 is divided by 360.
282
What is the remainder when 3049 is divided by 699?
253
What is the remainder when 1514999 is divided by 59?
56
What is the remainder when 4672 is divided by 2332?
8
Calculate the remainder when 656727 is divided by 103.
102
What is the remainder when 5224 is divided by 1298?
32
What is the remainder when 72933 is divided by 54?
33
What is the remainder when 2242 is divided by 374?
372
What is the remainder when 476376 is divided by 98?
96
Calculate the remainder when 25732 is divided by 831.
802
Calculate the remainder when 1945399 is divided by 648461.
16
Calculate the remainder when 283287 is divided by 1914.
15
Calculate the remainder when 1024 is divided by 719.
305
Calculate the remainder when 3027 is divided by 252.
3
Calculate the remainder when 3428 is divided by 1705.
18
What is the remainder when 47648 is divided by 5952?
32
Calculate the remainder when 16816 is divided by 232.
112
What is the remainder when 170918 is divided by 265?
258
What is the remainder when 2583 is divided by 778?
249
Calculate the remainder when 35618 is divided by 257.
152
Calculate the remainder when 31624 is divided by 86.
62
Calculate the remainder when 1828232 is divided by 59.
58
What is the remainder when 2672646 is divided by 968?
966
Calculate the remainder when 28658 is divided by 51.
47
Calculate the remainder when 2400 is divided by 671.
387
What is the remainder when 612336 is divided by 14?
4
What is the remainder when 1861294 is divided by 46?
42
What is the remainder when 68844 is divided by 75?
69
Calculate the remainder when 596 is divided by 48.
20
Calculate the remainder when 170177 is divided by 935.
7
What is the remainder when 11401 is divided by 5697?
7
What is the remainder when 415420 is divided by 435?
430
Calculate the remainder when 243 is divided by 180.
63
What is the remainder when 401004 is divided by 16?
12
Calculate the remainder when 111758 is divided by 440.
438
What is the remainder when 17251 is divided by 115?
1
What is the remainder when 40045 is divided by 13342?
19
What is the remainder when 480 is divided by 468?
12
Calculate the remainder when 6460509 is divided by 16.
13
What is the remainder when 402003 is divided by 28?
7
What is the remainder when 108578 is divided by 54284?
10
What is the remainder when 35210 is divided by 2885?
590
What is the remainder when 2110786 is divided by 911?
910
Calculate the remainder when 3192248 is divided by 767.
761
Calculate the remainder when 341069 is divided by 456.
437
Calculate the remainder when 9230 is divided by 570.
110
What is the remainder when 271139 is divided by 2855?
2769
What is the remainder when 20192 is divided by 58?
8
What is the remainder when 5799970 is divided by 29?
28
What is the remainder when 110776 is divided by 193?
187
What is the remainder when 4462 is divided by 622?
108
Calculate the remainder when 45340 is divided by 9.
7
Calculate the remainder when 3736 is divided by 631.
581
Calculate the remainder when 912 is divided by 245.
177
What is the remainder when 30209 is divided by 30197?
12
Calculate the remainder when 58760 is divided by 19.
12
What is the remainder when 40944 is divided by 43?
8
What is the remainder when 747281 is divided by 463?
462
What is the remainder when 5454 is divided by 20?
14
What is the remainder when 101687 is divided by 8471?
35
Calculate the remainder when 18204 is divided by 4518.
132
What is the remainder when 9384 is divided by 2165?
724
Calculate the remainder when 63947 is divided by 31914.
119
What is the remainder when 851 is divided by 195?
71
Calculate the remainder when 47608 is divided by 196.
176
What is the remainder when 85995 is divided by 42975?
45
Calculate the remainder when 2439 is divided by 2426.
13
Calculate the remainder when 9069 is divided by 178.
169
What is the remainder when 1821 is divided by 57?
54
What is the remainder when 1446 is divided by 708?
30
What is the remainder when 3384 is divided by 468?
108
What is the remainder when 7484 is divided by 96?
92
Calculate the remainder when 530 is divided by 511.
19
What is the remainder when 98208 is divided by 109?
108
What is the remainder when 11388 is divided by 10606?
782
Calculate the remainder when 11483 is divided by 5708.
67
What is the remainder when 794005 is divided by 38?
33
What is the remainder when 2645872 is divided by 23?
21
What is the remainder when 1967 is divided by 244?
15
Calculate the remainder when 227595 is divided by 569.
564
What is the remainder when 76913 is divided by 164?
161
What is the remainder when 33244 is divided by 125?
119
What is the remainder when 36560 is divided by 321?
287
Calculate the remainder when 17451 is divided by 406.
399
Calculate the remainder when 894003 is divided by 45.
33
Calculate the remainder when 8413 is divided by 29.
3
What is the remainder when 1361 is divided by 149?
20
Calculate the remainder when 30301 is divided by 10093.
22
Calculate the remainder when 1279299 is divided by 22.
21
Calculate the remainder when 20574 is divided by 251.
243
Calculate the remainder when 2540 is divided by 936.
668
What is the remainder when 39396 is divided by 39240?
156
Calculate the remainder when 7727 is divided by 12.
11
What is the remainder when 1266 is divided by 13?
5
Calculate the remainder when 1847 is divided by 559.
170
What is the remainder when 8006 is divided by 1598?
16
Calculate the remainder when 7625 is divided by 143.
46
Calculate the remainder when 4854 is divided by 2426.
2
Calculate the remainder when 99866 is divided by 14.
4
Calculate the remainder when 187147 is divided by 6453.
10
Calculate the remainder when 31307 is divided by 173.
167
What is the remainder when 41617 is divided by 115?
102
Calculate the remainder when 106326 is divided by 26549.
130
What is the remainder when 2255 is divided by 247?
32
What is the remainder when 125433 is divided by 1072?
9
Calculate the remainder when 4032 is divided by 645.
162
Calculate the remainder when 457589 is divided by 35.
34
Calculate the remainder when 15918 is divided by 47.
32
Calculate the remainder when 1149 is divided by 481.
187
Calculate the remainder when 8167 is divided by 906.
13
Calculate the remainder when 12018 is divided by 250.
18
Calculate the remainder when 8029 is divided by 322.
301
Calculate the remainder when 14324 is divided by 24.
20
What is the remainder when 34770 is divided by 108?
102
What is t